 = -v*r + 25. Calculate the highest common divisor of r and w.
10
Let x = 67 + -103. Let o = 66 + x. What is the greatest common divisor of o and 45?
15
Suppose 3*i - 5*p = 26, -4*i + 2*i - p = 0. What is the greatest common factor of 31 and i?
1
Let h(i) = 194*i + 1. Let w be h(3). Suppose -280 = -5*k - 5*m, 5*k - m - 191 = 71. What is the greatest common divisor of k and w?
53
Let b(h) = h**2 + 4*h + 33. Let w be b(-11). Suppose 5*d - 19 = -5*x + 46, -4*x + 22 = d. Calculate the greatest common divisor of w and d.
10
Let y(p) = -p**3 - 6*p**2 - 3*p - 3. Let c be y(-6). Suppose -20*l = 12*l - 480. Calculate the highest common factor of c and l.
15
Let f be (6 - 8)/((-2)/8). Let m be 2/f - 166/(-8). What is the greatest common factor of 6 and m?
3
Suppose -5*b - 2*t = -429, 5*b - 433 = -0*b - 4*t. Suppose 4*m + s = 68, 4*m + 2*s = -m + b. Calculate the highest common divisor of 170 and m.
17
Suppose 0 = -3*q + 10 + 8. Let p = q - 21. Let b(f) = -f - 13. Let w be b(p). Calculate the greatest common factor of 3 and w.
1
Let n(g) = -5*g**3. Let p be n(2). Let s = p - -41. Calculate the greatest common divisor of 8 and s.
1
Let c be (-60)/(-9) + 4/(-6). Suppose 2*v = c*v + 76. Let m = v - -31. What is the highest common factor of m and 6?
6
Let t be 1196/30 + (-16)/(-120). Calculate the highest common factor of t and 16.
8
Suppose -1 - 23 = -2*a. Let k(d) be the second derivative of -5*d**3/6 - d**2 + d. Let v be k(-2). Calculate the highest common factor of v and a.
4
Suppose 94*v = 97*v - 75. Calculate the greatest common divisor of v and 5.
5
Let y be 68 + (1/5 - (-24)/(-20)). What is the highest common factor of 67 and y?
67
Suppose 2*d - 112 = 4*x - 1048, -4*d + 1170 = 5*x. What is the highest common divisor of x and 99?
9
Suppose -37*d + 135 = -10*d. Let x be 2/((-6)/(-45)*1). Calculate the highest common factor of d and x.
5
Let r be ((-64)/(-48))/(-2 - (-8)/3). Suppose 0 = h + 12 - 36. Suppose -r*u = 0, -4*m - u + 0*u = -h. What is the highest common divisor of 4 and m?
2
Suppose 2*u + 2*s - 36 = 0, 18 - 8 = -2*s. Let i = 13 + u. What is the highest common factor of i and 4?
4
Suppose 0 = -w + 3*w - 496. Suppose 9*l + 4*l = 4836. Suppose 0 = -35*o + 23*o + l. Calculate the greatest common divisor of w and o.
31
Let l be (-2)/3 - 192/(-18). Let d(w) = -w**3 - 2*w**2 + w - 3. Let f be d(-4). What is the highest common divisor of l and f?
5
Suppose -3*x + 91 = -5*k, 3*k + 169 = 5*x - k. Let g be (x + -33)*1/((-4)/(-5)). Calculate the highest common factor of g and 20.
5
Suppose 82*u - 21*u - 793 = 0. Calculate the highest common factor of 247 and u.
13
Suppose 0 = 3*x - q - 2, 17 = 2*x + 3*q + 1. Suppose 3*y + u + 55 = 6*y, 90 = 5*y - x*u. Calculate the greatest common divisor of 70 and y.
10
Suppose -f + 10 = w, -3*w = -5*f + 1 + 81. Suppose -18 = 2*x - 0*x - j, 2*x + 18 = 3*j. Let k = x + f. What is the greatest common factor of 40 and k?
5
Suppose 3*y - 14 = 4*a, 4*y = 3*a - 1 + 15. Suppose -y*x = 4*g - 64, -x + 4*g + 22 = -40. Calculate the greatest common divisor of x and 28.
14
Suppose 0 = 3*k + 3*v - 2010, 4*v = 11 + 5. Calculate the greatest common divisor of 54 and k.
18
Suppose 5*m + s = 212, 0 = 3*m + 2*s - 15 - 108. Let o be (1 + 0)/(((-19)/(-5719))/(1 + 0)). What is the highest common factor of m and o?
43
Suppose 28*h + 867 = 11*h. Suppose -4*y + 66 + 238 = 0. Let k = y + h. What is the highest common divisor of k and 225?
25
Let l = -218 - -265. What is the greatest common divisor of 611 and l?
47
Let d be (1176/112)/((-1)/(-18)). Calculate the greatest common factor of 216 and d.
27
Let t be (2 - -4 - 4)*3. What is the highest common factor of t and 42?
6
Suppose s - 20 = -4*s. Let t be 34/10 - 16/40 - -7. Calculate the greatest common divisor of s and t.
2
Let b = -348 - -607. Calculate the highest common divisor of b and 370.
37
Let u be (-17)/2 - 1/(-2). Let p(o) = -285*o**2 - 1. Let r be p(1). Let m be (-2)/u + r/(-8). Calculate the greatest common divisor of m and 12.
12
Let w(a) = a**3 + 13*a**2 + 2*a + 29. Let n be w(-13). Suppose 3*q + n*v = v + 186, 15 = 5*v. Calculate the greatest common divisor of q and 10.
10
Let x(q) = -q**3 - 11*q**2 - 4*q - 20. Let a(j) = -j**2 - 22*j - 11. Let g be a(-22). Let y be x(g). What is the highest common divisor of 60 and y?
12
Suppose 4*d = -o + 82, -4*d = -5*d - 5*o + 30. What is the highest common divisor of d and 2560?
20
Suppose 2*u = z + 677, -9*z = u - 13*z - 342. What is the greatest common factor of u and 104?
26
Let n = -2 + 13. Let c(s) = -s**3 + 5*s**2 - 8*s + 40. Let r be c(5). Suppose r = -2*x - 10*x + 1452. Calculate the highest common divisor of n and x.
11
Let h = 26 - -31. Let r(s) = s**2 - 11*s + 15. Let g be r(10). Suppose 297 = g*p + h. What is the highest common factor of p and 16?
16
Let v(g) = 3*g**3 + g**2 - g - 6. Let p be v(-5). Let h = -139 - p. Let n = h + -124. What is the greatest common divisor of n and 11?
11
Let j(y) = -4*y + 2*y**2 + 4*y**2 - 2*y**2 + y**2 - 3. Let f be j(3). What is the greatest common divisor of 45 and f?
15
Suppose -2*d + 3*m = 98, 21 + 85 = -2*d + 5*m. Let o = d - -95. What is the highest common factor of o and 13?
13
Let m = 2 + 3. Suppose 2*w - 14 = -5*x, 6*w - 58 = 2*w + m*x. Let l(r) = 2*r**2 - 6*r + 4. Let u be l(8). What is the greatest common factor of u and w?
12
Suppose 40*w + 59 = 44*w - b, 4*w + 2*b = 50. What is the greatest common divisor of 119 and w?
7
Suppose -38*c = 39*c - 42735. Calculate the greatest common factor of c and 45.
15
Suppose 11*s - 8*s + 12 = 0. Let n be (s/(-5))/(-2) - (-910)/25. Calculate the greatest common factor of n and 4.
4
Let b(y) = y + 79. Let m be b(5). Calculate the highest common factor of m and 28.
28
Suppose 7*g = 3*g - n, -g = n. Suppose -3*t - 5*j + 71 = g, t + 49 = 3*t + 5*j. Calculate the highest common factor of 242 and t.
22
Let v = -99 - -195. Suppose -5*c + 2*c + 15 = 0. Suppose c*q = 5*s + q - 108, 0 = -s - q + 27. Calculate the greatest common divisor of v and s.
24
Let h = 26 + 4. Let a be -26 + 25 - ((-26 - -7) + 6). What is the greatest common factor of a and h?
6
Let t = 140 - 100. Let g = 49 - t. What is the highest common divisor of 12 and g?
3
Let t(f) = f**2 - 6*f - 19. Let z be t(-3). What is the highest common divisor of 244 and z?
4
Let u be 5*1*2/(20/30). Calculate the greatest common divisor of 240 and u.
15
Let n = -794 - -826. Let v = 28 - 20. Calculate the highest common factor of v and n.
8
Let n = 1213 + -1031. Calculate the greatest common divisor of n and 52.
26
Let q be (-3 + -1)*-30*(-48)/(-36). Calculate the highest common divisor of q and 120.
40
Suppose 0 = 4*r + 5*b + 98, 3*r = -0*r + b - 83. Let p = r + 47. Let j = 124 + -114. What is the highest common divisor of p and j?
10
Suppose -1099*s + 8280 = -1093*s. What is the highest common factor of s and 12?
12
Suppose -3*n - 12 = -6*n. Suppose 0 = -h - 3*h + n. Let s = h - -3. Calculate the greatest common factor of s and 20.
4
Suppose 4*r = 5*c + 531 + 266, -4*r + 3*c = -795. What is the highest common factor of 36 and r?
18
Suppose 0 = -6*a + a - 3*i + 87, -69 = -4*a - 3*i. Let s = 30 - a. Let h be (22/4)/((-2)/(-48)). What is the greatest common divisor of h and s?
12
Suppose 0 = -102*u - 812 + 4790. What is the highest common divisor of 143 and u?
13
Let k(o) = o**3 - 15*o**2 - 9*o - 35. Let i be k(16). Calculate the highest common divisor of i and 14.
7
Let q(d) = -2*d**2 + 39*d + 20. Let l be q(20). Suppose 2*k - 15 = i, l = 5*k - 5*i - 10 - 35. What is the highest common factor of k and 21?
3
Suppose l = 3*t + 163 - 788, 0 = -2*l - 8. What is the highest common divisor of t and 115?
23
Let x be -1 - (59/(-2) + 3/(-6)). Let l(a) = -a**3 + 12*a**2 + 12*a + 8. Let q be l(11). Calculate the greatest common factor of x and q.
29
Let t = -39 - -72. Let u(y) = 3*y - 3. Suppose 0 = -2*w + w + 2. Let s be u(w). What is the highest common factor of s and t?
3
Suppose -290 = -z - 254. What is the highest common divisor of 468 and z?
36
Suppose 4*p - 2*p - 8 = 0. Suppose p*w + 250 = 9*w. What is the greatest common divisor of w and 20?
10
Let p(v) = 2*v**2 - 6*v - 8. Let n be p(9). Let k be 2 - -46*(-3)/(-6). Calculate the greatest common factor of n and k.
25
Let l = 2 - 0. Let w = 36 - 16. Suppose